{"id":45,"date":"2017-03-22T18:30:13","date_gmt":"2017-03-22T17:30:13","guid":{"rendered":"http:\/\/www.dr-carsten-mueller.de\/?page_id=45"},"modified":"2026-02-20T12:41:09","modified_gmt":"2026-02-20T11:41:09","slug":"lebenslauf","status":"publish","type":"page","link":"https:\/\/www.dr-carsten-mueller.de\/index.php\/lebenslauf\/","title":{"rendered":"Lebenslauf"},"content":{"rendered":"<table>\n<tbody>\n<tr>\n<td><\/td>\n<td>geb. 1968 in Ludwigshafen\/Rhein &#8211;\u00a0wohnhaft in K\u00f6ln und Emden<\/td>\n<\/tr>\n<tr>\n<td colspan=\"2\">\n<h1>Wissenschaftliche Laufbahn<\/h1>\n<\/td>\n<\/tr>\n<tr>\n<td>an der Hochschule Emden\/Leer<\/td>\n<td>Professor f\u00fcr \u00bbSozialarbeit\/Sozialp\u00e4dagogik mit dem Schwerpunkt sozial- und gesellschaftspolitische Aspekte der Sozialen Arbeit\u00ab an der Hochschule Emden\/Leer<\/p>\n<p>diverse Verantwortungen:<\/p>\n<p>u.a. (fast durchg\u00e4ngig) Mitglied des Fachbereichsrates Soziale Arbeit und Gesundheit<\/p>\n<p>(wiederholt) Mitglied bzw. stellvertretendes Motglied des Senats (2016-2020; 2022-2024; 2024-2026)<\/p>\n<p>(mehrj\u00e4hrig) Fachbereichsleitung (SPREKO) u.a. in der Funktion Dekan<\/p>\n<p>div. Modulverantwortungen im Bachelor Soziale Arbeit und im Master Soziale Koh\u00e4sion<\/p>\n<p>(seit 2026) Studiengangsleitung des Bachelor Studiengangs Soziale Arbeit<\/td>\n<\/tr>\n<tr>\n<td>vorher<\/td>\n<td>Wissenschaftlicher Mitarbeiter im Fachgebiet Sozialp\u00e4dagogik der Universit\u00e4t zu K\u00f6ln<\/p>\n<p>div. Lehrauftr\u00e4ge und Vortr\u00e4ge an Hochschulen und Universit\u00e4ten<\/td>\n<\/tr>\n<tr>\n<td colspan=\"2\">\n<h1>Universit\u00e4re Bildung<\/h1>\n<\/td>\n<\/tr>\n<tr>\n<td>2004<\/td>\n<td>Promotion: \u00bbSozialp\u00e4dagogik als Erziehung zur Demokratie \u2013 ein problemgeschichtlicher Theorieentwurf\u00ab (Gutachter: Prof. Dr. Dr. h.c. Buchkremer &amp; Prof. Dr. Kronen), ausgezeichnet mit dem Preis der Stiftung Demokratie<\/td>\n<\/tr>\n<tr>\n<td>zuvor<\/td>\n<td>Studium und Promotionsstudium an der Universit\u00e4t zu K\u00f6ln<\/td>\n<\/tr>\n<tr>\n<td colspan=\"2\">\n<h1>Arbeits- und Forschungsschwerpunkte<\/h1>\n<\/td>\n<\/tr>\n<tr>\n<td><\/td>\n<td>Theorie und Geschichte Sozialer Arbeit &#8211; besonders: fr\u00fche Sozialp\u00e4dagogik<\/td>\n<\/tr>\n<tr>\n<td><\/td>\n<td>kritische Historiografie u.a. Bilder\/Bildverwendung in der Sozialen Arbeit<\/td>\n<\/tr>\n<tr>\n<td><\/td>\n<td>Community Organizing und Gemeinwesenarbeit<\/td>\n<\/tr>\n<tr>\n<td><\/td>\n<td>Sozialpolitik und Armutsbek\u00e4mpfung<\/td>\n<\/tr>\n<tr>\n<td colspan=\"2\">\n<h1>Praktische Erfahrungen<\/h1>\n<\/td>\n<\/tr>\n<tr>\n<td>Berufst\u00e4tigkeit<\/td>\n<td>Sozialp\u00e4dagoge bei der BR\u00dcCKE e.V. im Bereich freie Straff\u00e4lligen-Hilfe (Aufbau einer Wohngruppe f\u00fcr Haftentlassene)<\/td>\n<\/tr>\n<tr>\n<td>Praktika<\/td>\n<td>bei der Gefangenenseelsorge in der Justizvollzugsanstalt Rheinbach, beim Sozialdienst Kath. M\u00e4nner e.V. (SKM) im ambulanten Psycho-Sozialen-Dienst<\/p>\n<p>u.a. langj\u00e4hige Erfahrungen in der freien Kultur- und Jugendarbeit bei der Musikinitiative Watt auf&#8217;s Ohr e.V.<\/td>\n<\/tr>\n<tr>\n<td>Friedensdienst<\/td>\n<td>beim Sozialdienst Kath. M\u00e4nner e.V. (SKM) in der Wohnungslosenhilfe, Kontaktstelle am K\u00f6lner Hauptbahnhof<\/td>\n<\/tr>\n<tr>\n<td colspan=\"2\">\n<h1>Fortbildungen<\/h1>\n<\/td>\n<\/tr>\n<tr>\n<td><\/td>\n<td>in Planning for Real, Community Organizing, Fundraising, Zielorientierte Projektplanung, Hochschuldidaktik (auch online)<\/td>\n<\/tr>\n<tr>\n<td colspan=\"2\">\n<h1>Mitgliedschaften<\/h1>\n<\/td>\n<\/tr>\n<tr>\n<td><\/td>\n<td><a href=\"http:\/\/www.attac.de\/startseite\/\">attac<\/a><\/td>\n<\/tr>\n<tr>\n<td><\/td>\n<td><a href=\"https:\/\/www.dfg-vk.de\">Deutsche Friedensgesellschaft \u2013 Vereinigte Kriegsdienstgegner (DFG-VK)<\/a><\/td>\n<\/tr>\n<tr>\n<td><\/td>\n<td><a href=\"http:\/\/www.fo-co.info\/\">Forum Community Organizing (FOCO)<\/a><\/td>\n<\/tr>\n<tr>\n<td><\/td>\n<td><a href=\"https:\/\/www.gew-nds.de\/\">Gewerkschaft Erziehung und Wissenschaft (GEW)<\/a><\/td>\n<\/tr>\n<tr>\n<td colspan=\"2\">\n<h1>Sonstiges<\/h1>\n<\/td>\n<\/tr>\n<tr>\n<td><\/td>\n<td>Folk, Blues und Mittelaltermusik mit dem Duo <a href=\"http:\/\/www.suessholz-dulcimer.de\/\">S\u00fc\u00dfholz bzw. Halfkann und M\u00fcller<\/a><\/td>\n<\/tr>\n<\/tbody>\n<\/table>\n","protected":false},"excerpt":{"rendered":"<p>geb. 1968 in Ludwigshafen\/Rhein &#8211;\u00a0wohnhaft in K\u00f6ln und Emden Wissenschaftliche Laufbahn an der Hochschule Emden\/Leer Professor f\u00fcr \u00bbSozialarbeit\/Sozialp\u00e4dagogik mit dem Schwerpunkt sozial- und gesellschaftspolitische Aspekte der Sozialen Arbeit\u00ab an der Hochschule Emden\/Leer diverse Verantwortungen: u.a. (fast durchg\u00e4ngig) Mitglied des Fachbereichsrates &hellip; <a href=\"https:\/\/www.dr-carsten-mueller.de\/index.php\/lebenslauf\/\">Weiterlesen <span class=\"meta-nav\">&rarr;<\/span><\/a><\/p>\n","protected":false},"author":1,"featured_media":0,"parent":0,"menu_order":0,"comment_status":"closed","ping_status":"closed","template":"","meta":[],"_links":{"self":[{"href":"https:\/\/www.dr-carsten-mueller.de\/index.php\/wp-json\/wp\/v2\/pages\/45"}],"collection":[{"href":"https:\/\/www.dr-carsten-mueller.de\/index.php\/wp-json\/wp\/v2\/pages"}],"about":[{"href":"https:\/\/www.dr-carsten-mueller.de\/index.php\/wp-json\/wp\/v2\/types\/page"}],"author":[{"embeddable":true,"href":"https:\/\/www.dr-carsten-mueller.de\/index.php\/wp-json\/wp\/v2\/users\/1"}],"replies":[{"embeddable":true,"href":"https:\/\/www.dr-carsten-mueller.de\/index.php\/wp-json\/wp\/v2\/comments?post=45"}],"version-history":[{"count":15,"href":"https:\/\/www.dr-carsten-mueller.de\/index.php\/wp-json\/wp\/v2\/pages\/45\/revisions"}],"predecessor-version":[{"id":349,"href":"https:\/\/www.dr-carsten-mueller.de\/index.php\/wp-json\/wp\/v2\/pages\/45\/revisions\/349"}],"wp:attachment":[{"href":"https:\/\/www.dr-carsten-mueller.de\/index.php\/wp-json\/wp\/v2\/media?parent=45"}],"curies":[{"name":"wp","href":"https:\/\/api.w.org\/{rel}","templated":true}]}}